{"id":4513,"date":"2019-07-29T07:37:56","date_gmt":"2019-07-29T05:37:56","guid":{"rendered":"https:\/\/bip.tu.kielce.pl\/?page_id=4513"},"modified":"2023-06-02T08:54:57","modified_gmt":"2023-06-02T06:54:57","slug":"wlasnosc-intelektualna-infrastruktura-badawcza-regulaminy","status":"publish","type":"page","link":"https:\/\/bip-arch.tu.kielce.pl\/?page_id=4513","title":{"rendered":"W\u0142asno\u015b\u0107 intelektualna, infrastruktura badawcza &#8211; regulaminy"},"content":{"rendered":"<p><a href=\"https:\/\/bip.tu.kielce.pl\/informacje-ogolne\/wlasnosc-intelektualna-infrastruktura-badawcza-regulaminy\/uch_s_176_22\/\" rel=\"attachment wp-att-11736\">Uchwa\u0142a Nr 176\/22 Senatu Politechniki \u015awi\u0119tokrzyskiej z dnia 21 grudnia 2022 roku w sprawie Regulaminu zarz\u0105dzania prawami autorskimi, prawami pokrewnymi i prawami w\u0142asno\u015bci przemys\u0142owej oraz zasad komercjalizacji<\/a><\/p>\n<p><a href=\"https:\/\/bip.tu.kielce.pl\/informacje-ogolne\/wlasnosc-intelektualna-infrastruktura-badawcza-regulaminy\/uch_s_176_22_zalacznik_regulamin\/\" rel=\"attachment wp-att-11735\">Za\u0142\u0105cznik do Uchwa\u0142y Senatu Politechniki \u015awi\u0119tokrzyskiej Nr 176\/22 z dnia 21 grudnia 2022 r. <strong>Regulamin zarz\u0105dzania prawami autorskimi, prawami pokrewnymi i prawami w\u0142asno\u015bci przemys\u0142owej oraz zasad komercjalizacji<\/strong><\/a><\/p>\n<hr \/>\n<p><a href=\"https:\/\/bip.tu.kielce.pl\/wp-content\/uploads\/2019\/07\/Uch_S_183_15.pdf\">Uchwa\u0142a Nr 183\/15 Senatu Politechniki \u015awi\u0119tokrzyskiej z dnia 25 marca 2015 r. w sprawie regulaminu zarz\u0105dzania prawami autorskimi i prawami pokrewnymi oraz prawami w\u0142asno\u015bci przemys\u0142owej oraz zasad ich komercjalizacji<\/a><\/p>\n<p><a href=\"https:\/\/bip.tu.kielce.pl\/wp-content\/uploads\/2019\/07\/Uch_S_183_15_za\u0142\u0105cznik.pdf\">Za\u0142\u0105cznik do Uchwa\u0142y Senatu Politechniki \u015awi\u0119tokrzyskiej Nr 183\/15 z dnia 25 marca 2015 r. <strong>Regulamin zarz\u0105dzania prawami autorskimi i prawami pokrewnymi oraz prawami w\u0142asno\u015bci przemys\u0142owej oraz zasad komercjalizacji<\/strong><\/a><\/p>\n<hr \/>\n<p><a href=\"https:\/\/bip.tu.kielce.pl\/informacje-ogolne\/wlasnosc-intelektualna-infrastruktura-badawcza-regulaminy\/uch_s_191_23\/\" rel=\"attachment wp-att-12009\">Uchwa\u0142a Nr 191\/23 Senatu Politechniki \u015awi\u0119tokrzyskiej z dnia 24 maja 2023 r. w sprawie wprowadzenia Regulaminu korzystania z infrastruktury badawczej i informatycznej Politechniki \u015awi\u0119tokrzyskiej przez osoby przygotowuj\u0105ce rozpraw\u0119 doktorsk\u0105 w trybie eksternistycznym<\/a><\/p>\n<p><a href=\"https:\/\/bip.tu.kielce.pl\/informacje-ogolne\/wlasnosc-intelektualna-infrastruktura-badawcza-regulaminy\/uch_s_191_23_zalacznik\/\" rel=\"attachment wp-att-12010\">Za\u0142\u0105cznik do Uchwa\u0142y Senatu Nr 191\/23 z dnia 24 maja 2023 r.<br \/>\n<strong>Regulamin korzystania z infrastruktury badawczej i informatycznej Politechniki \u015awi\u0119tokrzyskiej przez osoby przygotowuj\u0105ce rozpraw\u0119 doktorsk\u0105 w trybie eksternistycznym<\/strong><\/a><\/p>\n<p><a href=\"https:\/\/bip.tu.kielce.pl\/wp-content\/uploads\/2019\/07\/Uch_S_184_15.pdf\">Uchwa\u0142a Nr 184\/15 Senatu Politechniki \u015awi\u0119tokrzyskiej z dnia 25 marca 2015 r. w sprawie wprowadzenia Regulaminu korzystania z infrastruktury badawczej Politechniki \u015awi\u0119tokrzyskiej<\/a><\/p>\n<p><a href=\"https:\/\/bip.tu.kielce.pl\/wp-content\/uploads\/2019\/07\/Uch_S_184_15_za\u0142\u0105cznik.pdf\">Za\u0142\u0105cznik do Uchwa\u0142y Senatu Nr 184\/15 z dnia 25 marca 2015 r.<strong> Regulamin korzystania z infrastruktury badawczej Politechniki \u015awi\u0119tokrzyskiej<\/strong><\/a><\/p>\n","protected":false},"excerpt":{"rendered":"<p>Uchwa\u0142a Nr 176\/22 Senatu Politechniki \u015awi\u0119tokrzyskiej z dnia 21 grudnia 2022 roku w sprawie Regulaminu zarz\u0105dzania prawami autorskimi, prawami pokrewnymi i prawami w\u0142asno\u015bci przemys\u0142owej oraz zasad komercjalizacji Za\u0142\u0105cznik do Uchwa\u0142y Senatu Politechniki \u015awi\u0119tokrzyskiej Nr 176\/22 z dnia 21 grudnia 2022 &hellip; <a href=\"https:\/\/bip-arch.tu.kielce.pl\/?page_id=4513\">Czytaj dalej <span class=\"meta-nav\">&rarr;<\/span><\/a><\/p>\n","protected":false},"author":5,"featured_media":0,"parent":126,"menu_order":0,"comment_status":"closed","ping_status":"closed","template":"sidebar-page.php","meta":{"_acf_changed":false,"footnotes":""},"class_list":["post-4513","page","type-page","status-publish","hentry"],"acf":[],"publishpress_future_action":{"enabled":false,"date":"2026-04-23 21:30:56","action":"change-status","newStatus":"draft","terms":[],"taxonomy":""},"publishpress_future_workflow_manual_trigger":{"enabledWorkflows":[]},"_links":{"self":[{"href":"https:\/\/bip-arch.tu.kielce.pl\/index.php?rest_route=\/wp\/v2\/pages\/4513","targetHints":{"allow":["GET"]}}],"collection":[{"href":"https:\/\/bip-arch.tu.kielce.pl\/index.php?rest_route=\/wp\/v2\/pages"}],"about":[{"href":"https:\/\/bip-arch.tu.kielce.pl\/index.php?rest_route=\/wp\/v2\/types\/page"}],"author":[{"embeddable":true,"href":"https:\/\/bip-arch.tu.kielce.pl\/index.php?rest_route=\/wp\/v2\/users\/5"}],"replies":[{"embeddable":true,"href":"https:\/\/bip-arch.tu.kielce.pl\/index.php?rest_route=%2Fwp%2Fv2%2Fcomments&post=4513"}],"version-history":[{"count":0,"href":"https:\/\/bip-arch.tu.kielce.pl\/index.php?rest_route=\/wp\/v2\/pages\/4513\/revisions"}],"up":[{"embeddable":true,"href":"https:\/\/bip-arch.tu.kielce.pl\/index.php?rest_route=\/wp\/v2\/pages\/126"}],"wp:attachment":[{"href":"https:\/\/bip-arch.tu.kielce.pl\/index.php?rest_route=%2Fwp%2Fv2%2Fmedia&parent=4513"}],"curies":[{"name":"wp","href":"https:\/\/api.w.org\/{rel}","templated":true}]}}