{"id":292,"date":"2017-07-19T07:38:36","date_gmt":"2017-07-19T05:38:36","guid":{"rendered":"http:\/\/bip.tu.kielce.pl\/?page_id=292"},"modified":"2024-07-29T13:09:27","modified_gmt":"2024-07-29T11:09:27","slug":"plan-postepowania-na-udzielenie-zamowien-publicznych","status":"publish","type":"page","link":"https:\/\/bip-arch.tu.kielce.pl\/?page_id=292","title":{"rendered":"Plan post\u0119powa\u0144 o udzielenie zam\u00f3wie\u0144 publicznych"},"content":{"rendered":"<p><strong><a href=\"http:\/\/bip.tu.kielce.pl\/wp-content\/uploads\/2017\/07\/Plan-postepowa\u0144-2017.pdf\">Plan post\u0119powa\u0144 na rok 2017<\/a><\/strong><\/p>\n<hr \/>\n<p><strong><a href=\"http:\/\/bip.tu.kielce.pl\/wp-content\/uploads\/2018\/07\/Plan-post\u0119powa\u0144-2018.pdf\">Plan post\u0119powa\u0144 na rok 2018<\/a><\/strong><\/p>\n<hr \/>\n<p><strong><a href=\"https:\/\/bip.tu.kielce.pl\/wp-content\/uploads\/2019\/07\/scan-20190730105906-0000-1.pdf\">Plan post\u0119powa\u0144 na rok 2019<\/a><\/strong><\/p>\n<hr \/>\n<p><strong><a href=\"https:\/\/bip.tu.kielce.pl\/wp-content\/uploads\/2020\/07\/Plan-2020.pdf\">Plan post\u0119powa\u0144 na rok 2020<\/a><\/strong><\/p>\n<hr \/>\n<p><strong><a href=\"https:\/\/bip.tu.kielce.pl\/wp-content\/uploads\/2021\/07\/2021_BZP-00111961_01_P.pdf\">Plan post\u0119powa\u0144 na rok 2021<\/a><\/strong><\/p>\n<hr \/>\n<p><strong><a href=\"https:\/\/bip.tu.kielce.pl\/wp-content\/uploads\/2022\/07\/Plan-postepowan-na-rok-2022.pdf\">Plan post\u0119powa\u0144 na rok 2022<\/a><\/strong><\/p>\n<p><a href=\"https:\/\/bip.tu.kielce.pl\/wp-content\/uploads\/2022\/08\/Plan-postepowan-na-rok-2022-korekta-1.pdf\">Plan post\u0119powa\u0144 na rok 2022 korekta 1<\/a><\/p>\n<p><a href=\"https:\/\/bip.tu.kielce.pl\/wp-content\/uploads\/2022\/10\/Plan-postepowan-na-rok-2022-korekta-2.pdf\">Plan post\u0119powa\u0144 na rok 2022 korekta 2<\/a><\/p>\n<hr \/>\n<p><strong><a href=\"https:\/\/bip.tu.kielce.pl\/wp-content\/uploads\/2023\/07\/Plan-postepowan-na-rok-2023.pdf\">Plan post\u0119powa\u0144 na rok 2023<\/a><\/strong><\/p>\n<p><a href=\"https:\/\/bip.tu.kielce.pl\/wp-content\/uploads\/2023\/08\/Plan-postepowan-na-rok-2023-KOREKTA-1.pdf\">Plan post\u0119powa\u0144 na rok 2023 Korekta 1<\/a><\/p>\n<p><a href=\"https:\/\/bip.tu.kielce.pl\/wp-content\/uploads\/2023\/10\/Plan-postepowan-na-rok-2023-KOREKTA-2.pdf\">Plan post\u0119powa\u0144 na rok 2023 Korekta 2<\/a><\/p>\n<p><a href=\"https:\/\/bip.tu.kielce.pl\/wp-content\/uploads\/2023\/11\/Plan-postepowan-na-rok-2023-KOREKTA-3.pdf\">Plan post\u0119powa\u0144 na rok 2023 Korekta 3<\/a><\/p>\n<hr \/>\n<p><strong><a href=\"https:\/\/bip.tu.kielce.pl\/wp-content\/uploads\/2024\/01\/PLAN-POSTEPOWAN-na-rok-2024.pdf\">Plan post\u0119powa\u0144 na rok 2024<\/a><\/strong><\/p>\n<p><a href=\"https:\/\/bip.tu.kielce.pl\/wp-content\/uploads\/2024\/07\/Plan-zamowien-korekta.pdf\">Plan post\u0119powa\u0144 na rok 2024 Korekta 1<\/a><\/p>\n<p><a href=\"https:\/\/bip.tu.kielce.pl\/wp-content\/uploads\/2024\/07\/Plan-postepowan-na-rok-2024-Korekta-2.pdf\">Plan post\u0119powa\u0144 na rok 2024 Korekta 2<\/a><\/p>\n","protected":false},"excerpt":{"rendered":"<p>Plan post\u0119powa\u0144 na rok 2017 Plan post\u0119powa\u0144 na rok 2018 Plan post\u0119powa\u0144 na rok 2019 Plan post\u0119powa\u0144 na rok 2020 Plan post\u0119powa\u0144 na rok 2021 Plan post\u0119powa\u0144 na rok 2022 Plan post\u0119powa\u0144 na rok 2022 korekta 1 Plan post\u0119powa\u0144 na &hellip; <a href=\"https:\/\/bip-arch.tu.kielce.pl\/?page_id=292\">Czytaj dalej <span class=\"meta-nav\">&rarr;<\/span><\/a><\/p>\n","protected":false},"author":5,"featured_media":0,"parent":167,"menu_order":0,"comment_status":"closed","ping_status":"closed","template":"sidebar-page.php","meta":{"_acf_changed":false,"footnotes":""},"class_list":["post-292","page","type-page","status-publish","hentry"],"acf":[],"publishpress_future_action":{"enabled":false,"date":"2026-04-23 21:30:56","action":"change-status","newStatus":"draft","terms":[],"taxonomy":""},"publishpress_future_workflow_manual_trigger":{"enabledWorkflows":[]},"_links":{"self":[{"href":"https:\/\/bip-arch.tu.kielce.pl\/index.php?rest_route=\/wp\/v2\/pages\/292","targetHints":{"allow":["GET"]}}],"collection":[{"href":"https:\/\/bip-arch.tu.kielce.pl\/index.php?rest_route=\/wp\/v2\/pages"}],"about":[{"href":"https:\/\/bip-arch.tu.kielce.pl\/index.php?rest_route=\/wp\/v2\/types\/page"}],"author":[{"embeddable":true,"href":"https:\/\/bip-arch.tu.kielce.pl\/index.php?rest_route=\/wp\/v2\/users\/5"}],"replies":[{"embeddable":true,"href":"https:\/\/bip-arch.tu.kielce.pl\/index.php?rest_route=%2Fwp%2Fv2%2Fcomments&post=292"}],"version-history":[{"count":0,"href":"https:\/\/bip-arch.tu.kielce.pl\/index.php?rest_route=\/wp\/v2\/pages\/292\/revisions"}],"up":[{"embeddable":true,"href":"https:\/\/bip-arch.tu.kielce.pl\/index.php?rest_route=\/wp\/v2\/pages\/167"}],"wp:attachment":[{"href":"https:\/\/bip-arch.tu.kielce.pl\/index.php?rest_route=%2Fwp%2Fv2%2Fmedia&parent=292"}],"curies":[{"name":"wp","href":"https:\/\/api.w.org\/{rel}","templated":true}]}}