{"id":186,"date":"2017-07-11T13:19:07","date_gmt":"2017-07-11T11:19:07","guid":{"rendered":"http:\/\/bip.tu.kielce.pl\/?page_id=186"},"modified":"2023-12-07T15:15:24","modified_gmt":"2023-12-07T14:15:24","slug":"sredni-kurs-euro","status":"publish","type":"page","link":"https:\/\/bip-arch.tu.kielce.pl\/?page_id=186","title":{"rendered":"\u015aredni kurs euro"},"content":{"rendered":"<ul>\n<li><a href=\"https:\/\/bip.tu.kielce.pl\/wp-content\/uploads\/2023\/12\/Obwieszczenie_Prezesa_Urzedu_Zamowien_Publicznych_z_dnia_3_grudnia_2023_r-1.pdf\">\u015aredni kurs Euro 2024<\/a><\/li>\n<li><a href=\"https:\/\/bip.tu.kielce.pl\/wp-content\/uploads\/2021\/12\/Progi-1.pdf\">\u015aredni kurs Euro 2022<\/a><\/li>\n<li><a href=\"https:\/\/bip.tu.kielce.pl\/wp-content\/uploads\/2020\/01\/kurs-euro2020.pdf\">\u015aredni kurs Euro 2020<\/a><\/li>\n<li><a href=\"http:\/\/bip.tu.kielce.pl\/wp-content\/uploads\/2018\/01\/2018.pdf\">\u015aredni kurs Euro 2018<\/a><\/li>\n<li><a href=\"http:\/\/bip.tu.kielce.pl\/wp-content\/uploads\/2017\/07\/sredni_kurs_euro_2016.pdf\">\u015aredni kurs Euro 2016<\/a><\/li>\n<li><a href=\"http:\/\/bip.tu.kielce.pl\/wp-content\/uploads\/2017\/07\/sredni_kurs_euro_2014.pdf\">\u015aredni kurs Euro 2014<\/a><\/li>\n<li><a href=\"http:\/\/bip.tu.kielce.pl\/wp-content\/uploads\/2017\/07\/sredni_kurs_euro_2012.pdf\">\u015aredni kurs Euro 2012<\/a><\/li>\n<li><a href=\"http:\/\/bip.tu.kielce.pl\/wp-content\/uploads\/2017\/07\/sredni_kurs_euro_2011.pdf\">\u015aredni kurs Euro 2011<\/a><\/li>\n<\/ul>\n","protected":false},"excerpt":{"rendered":"<p>\u015aredni kurs Euro 2024 \u015aredni kurs Euro 2022 \u015aredni kurs Euro 2020 \u015aredni kurs Euro 2018 \u015aredni kurs Euro 2016 \u015aredni kurs Euro 2014 \u015aredni kurs Euro 2012 \u015aredni kurs Euro 2011<\/p>\n","protected":false},"author":5,"featured_media":0,"parent":167,"menu_order":0,"comment_status":"closed","ping_status":"closed","template":"sidebar-page.php","meta":{"_acf_changed":false,"footnotes":""},"class_list":["post-186","page","type-page","status-publish","hentry"],"acf":[],"publishpress_future_action":{"enabled":false,"date":"2026-04-25 11:38:06","action":"change-status","newStatus":"draft","terms":[],"taxonomy":""},"publishpress_future_workflow_manual_trigger":{"enabledWorkflows":[]},"_links":{"self":[{"href":"https:\/\/bip-arch.tu.kielce.pl\/index.php?rest_route=\/wp\/v2\/pages\/186","targetHints":{"allow":["GET"]}}],"collection":[{"href":"https:\/\/bip-arch.tu.kielce.pl\/index.php?rest_route=\/wp\/v2\/pages"}],"about":[{"href":"https:\/\/bip-arch.tu.kielce.pl\/index.php?rest_route=\/wp\/v2\/types\/page"}],"author":[{"embeddable":true,"href":"https:\/\/bip-arch.tu.kielce.pl\/index.php?rest_route=\/wp\/v2\/users\/5"}],"replies":[{"embeddable":true,"href":"https:\/\/bip-arch.tu.kielce.pl\/index.php?rest_route=%2Fwp%2Fv2%2Fcomments&post=186"}],"version-history":[{"count":0,"href":"https:\/\/bip-arch.tu.kielce.pl\/index.php?rest_route=\/wp\/v2\/pages\/186\/revisions"}],"up":[{"embeddable":true,"href":"https:\/\/bip-arch.tu.kielce.pl\/index.php?rest_route=\/wp\/v2\/pages\/167"}],"wp:attachment":[{"href":"https:\/\/bip-arch.tu.kielce.pl\/index.php?rest_route=%2Fwp%2Fv2%2Fmedia&parent=186"}],"curies":[{"name":"wp","href":"https:\/\/api.w.org\/{rel}","templated":true}]}}